{"id":2,"date":"2017-02-03T12:44:12","date_gmt":"2017-02-03T12:44:12","guid":{"rendered":"http:\/\/2018.cusco.wordcamp.org\/?page_id=2"},"modified":"2018-08-29T13:05:49","modified_gmt":"2018-08-29T18:05:49","slug":"sample-page","status":"publish","type":"page","link":"https:\/\/cusco.wordcamp.org\/2018\/","title":{"rendered":"Bienvenido"},"content":{"rendered":"<div class=\"mod-dos\">\n<div class=\"container \">\n<div class=\"row\">\n<h3>LO QUE TE LLEVAR\u00c1S DE ESTE EVENTO<\/h3>\n<\/div>\n<div class=\"row\">\n<div class=\"col\">\n<div class=\"iconos\"><\/div>\n<h4>Tips y herramientas<\/h4>\n<p>Descubrir\u00e1s los tips y herramientas de nuestros ponentes experimentados para que implementes inmediatamente.<\/p>\n<\/div>\n<div class=\"col\">\n<div class=\"iconos\"><\/div>\n<h4>El futuro de la web<\/h4>\n<p>A todos nos encantar\u00eda tener un panorama de hacia donde va la web y especialmente WordPress.<\/p>\n<\/div>\n<div class=\"col\">\n<div class=\"iconos\"><\/div>\n<h4>Networking<\/h4>\n<p>Conocer\u00e1s a otros profesionales o freelancers que son apasionados en los temas de desarrollo web.<\/p>\n<\/div>\n<\/div>\n<\/div>\n<\/div>\n<div class=\"mod-entradas\">\n<div class=\"container\">\n<div class=\"row\">\n<div class=\"mi-entrada col-md-8 offset-md-2\">\n<h2>Compra tus entradas AHORA!<\/h2>\n<p><img loading=\"lazy\" decoding=\"async\" class=\"aligncenter wp-image-3373\" src=\"https:\/\/2018.cusco.wordcamp.org\/files\/2018\/08\/tickets-1-300x133.png\" alt=\"\" width=\"600\" height=\"265\" srcset=\"https:\/\/cusco.wordcamp.org\/2018\/files\/2018\/08\/tickets-1-300x133.png 300w, https:\/\/cusco.wordcamp.org\/2018\/files\/2018\/08\/tickets-1-768x339.png 768w, https:\/\/cusco.wordcamp.org\/2018\/files\/2018\/08\/tickets-1-500x221.png 500w, https:\/\/cusco.wordcamp.org\/2018\/files\/2018\/08\/tickets-1.png 1000w\" sizes=\"auto, (max-width: 600px) 100vw, 600px\" \/><br \/>\n<a href=\"https:\/\/2018.cusco.wordcamp.org\/tickets\/\">Quiero Mi Entrada Ya!<\/a><\/p>\n<\/div>\n<\/div>\n<\/div>\n<\/div>\n<div class=\"mod-tres\">\n<div class=\"container\">\n<div class=\"row\">\n<h2 class=\"w-100 text-center\">Nuestras expectativas<\/h2>\n<h3 class=\"w-100 text-center\">Los Organizadores Dicen&#8230;<\/h3>\n<p class=\"w-100 text-center\">Tenemos el agrado de poder ser anfitriones de un evento internacional en nuestra ciudad imperial. Si est\u00e1s en el mundo del dise\u00f1o web de alguna manera, tu asistencia a este WordCamp no es negociable.<\/p>\n<\/div>\n<div class=\"row\">\n<div class=\"organizador\">\n<div class=\"pic alex\"><\/div>\n<p>Esta ser\u00e1 la primera vez que se hace un WordCamp en Cusco, ser\u00e1 incre\u00edble aprender y compartir con la comunidad m\u00e1s grande de desarrolladores web del mundo, si no sabes mucho de WordPress definitivamente aprender\u00e1s todo aqu\u00ed, y si ya sabes, podr\u00e1s conocer nuevas herramientas y t\u00e9cnicas que usan otros desarrolladores para mejorar tus pr\u00e1cticas, ya no puedo esperar m\u00e1s a que llegue el 1 de setiembre, ser\u00e1 incre\u00edble.<\/p>\n<hr \/>\n<h4>Alex Luna<\/h4>\n<h5>Empresario y Especialista en Marketing Empresarial<\/h5>\n<\/div>\n<div class=\"organizador\">\n<div class=\"pic harry\"><\/div>\n<p>Los WordCamps con los mejores eventos para aprender de especialistas con a\u00f1os de experiencia en WordPress. Tambi\u00e9n es una oportunidad para conocer personas con la misma pasi\u00f3n por crear en la web. No dejes pasar esta oportunidad de ser parte de este gran evento organizado por la comunidad de WordPress.<\/p>\n<hr \/>\n<h4>Harry Colchado<\/h4>\n<h5>WordPress &amp; Web Developer<\/h5>\n<\/div>\n<div class=\"organizador\">\n<div class=\"pic edward\"><\/div>\n<p>La experiencia de vivir este evento no se repetir\u00e1 y eventos para este sector son muy escasos. Te animo a que seas protagonista, vivamos esta experiencia juntos y hagamos que este sea apenas el primer WordCamp de muchos. Ven con tus amigos y colegas.<\/p>\n<hr \/>\n<h4>Edwar Javier<\/h4>\n<h5>Internet Marketing<\/h5>\n<\/div>\n<\/div>\n<\/div>\n<\/div>\n","protected":false},"excerpt":{"rendered":"<p>LO QUE TE LLEVAR\u00c1S DE ESTE EVENTO Tips y herramientas Descubrir\u00e1s los tips y herramientas de nuestros ponentes experimentados para que implementes inmediatamente. El futuro de la web A todos nos encantar\u00eda tener un panorama de hacia donde va la web y especialmente WordPress. Networking Conocer\u00e1s a otros profesionales o freelancers que son apasionados en &hellip; <\/p>\n<p class=\"link-more\"><a href=\"https:\/\/cusco.wordcamp.org\/2018\/\" class=\"more-link\">Continuar leyendo<span class=\"screen-reader-text\"> \u00abBienvenido\u00bb<\/span><\/a><\/p>\n","protected":false},"author":8303482,"featured_media":0,"parent":0,"menu_order":0,"comment_status":"closed","ping_status":"open","template":"","meta":{"jetpack_post_was_ever_published":false,"footnotes":""},"class_list":["post-2","page","type-page","status-publish","hentry"],"jetpack_sharing_enabled":true,"jetpack_shortlink":"https:\/\/wp.me\/P8mH6N-2","_links":{"self":[{"href":"https:\/\/cusco.wordcamp.org\/2018\/wp-json\/wp\/v2\/pages\/2","targetHints":{"allow":["GET"]}}],"collection":[{"href":"https:\/\/cusco.wordcamp.org\/2018\/wp-json\/wp\/v2\/pages"}],"about":[{"href":"https:\/\/cusco.wordcamp.org\/2018\/wp-json\/wp\/v2\/types\/page"}],"author":[{"embeddable":true,"href":"https:\/\/cusco.wordcamp.org\/2018\/wp-json\/wp\/v2\/users\/8303482"}],"replies":[{"embeddable":true,"href":"https:\/\/cusco.wordcamp.org\/2018\/wp-json\/wp\/v2\/comments?post=2"}],"version-history":[{"count":43,"href":"https:\/\/cusco.wordcamp.org\/2018\/wp-json\/wp\/v2\/pages\/2\/revisions"}],"predecessor-version":[{"id":4252,"href":"https:\/\/cusco.wordcamp.org\/2018\/wp-json\/wp\/v2\/pages\/2\/revisions\/4252"}],"wp:attachment":[{"href":"https:\/\/cusco.wordcamp.org\/2018\/wp-json\/wp\/v2\/media?parent=2"}],"curies":[{"name":"wp","href":"https:\/\/api.w.org\/{rel}","templated":true}]}}